1
In base 12, what is 4a1 + -1?
4a0
In base 12, what is 15 + 27?
40
In base 4, what is 10 - -231?
301
In base 16, what is 2 - -1c?
1e
In base 8, what is 5311 - -3?
5314
In base 9, what is 210 + -2?
207
In base 4, what is -10310 - 0?
-10310
In base 11, what is -198aa + 4?
-198a6
In base 8, what is 5 + -306?
-301
In base 9, what is 137 - 38?
88
In base 6, what is -40 + 3?
-33
In base 15, what is -220 + -4?
-224
In base 5, what is 112 - 240?
-123
In base 10, what is 1 + -48?
-47
In base 5, what is 1244300 + 3?
1244303
In base 10, what is -35 + -5?
-40
In base 2, what is -1110110 + -100?
-1111010
In base 7, what is 3 - 1140?
-1134
In base 15, what is 95 + -b?
89
In base 10, what is -59 - -6?
-53
In base 2, what is 11 + -11001011?
-11001000
In base 9, what is 208 + -1?
207
In base 15, what is 4 - -436?
43a
In base 4, what is 201313 + 10?
201323
In base 4, what is 2 - 121120?
-121112
In base 14, what is -7 + 23?
1a
In base 10, what is -5 + -20?
-25
In base 2, what is -10101111010 + 100?
-10101110110
In base 11, what is -4764 - -2?
-4762
In base 10, what is 86 - 5?
81
In base 7, what is -11 + 16242?
16231
In base 2, what is -10101101 + 10?
-10101011
In base 14, what is -8 + 118?
110
In base 5, what is 244324 + -4?
244320
In base 9, what is -23661 + 3?
-23657
In base 15, what is 3 + 8b?
8e
In base 15, what is 7 + 48?
50
In base 10, what is -15 - 21?
-36
In base 15, what is 8 - 73?
-6a
In base 9, what is 3 + 710?
713
In base 16, what is 2 - -bc?
be
In base 4, what is 123 + -10223?
-10100
In base 9, what is 3186 - 0?
3186
In base 13, what is -5b - 4?
-62
In base 12, what is -20a + -2?
-210
In base 2, what is -110000 - -111?
-101001
In base 11, what is -225 - -14?
-211
In base 10, what is -450 + 4?
-446
In base 4, what is 102 - 2113?
-2011
In base 15, what is -96c + -1?
-96d
In base 5, what is 13 - 203?
-140
In base 11, what is -96 + 95?
-1
In base 15, what is -b - 3c?
-48
In base 7, what is 325 + -5?
320
In base 7, what is 2 + 4611?
4613
In base 3, what is 10 + 2?
12
In base 10, what is -4 + -30?
-34
In base 5, what is -4 + -1302?
-1311
In base 15, what is -6 + -2da?
-2e1
In base 6, what is -140 - 5?
-145
In base 14, what is -ba - -4?
-b6
In base 6, what is 0 - -3351?
3351
In base 10, what is 85 - 1?
84
In base 14, what is 2 + -13?
-11
In base 16, what is 0 - 213?
-213
In base 13, what is -987 + -5?
-98c
In base 2, what is -10011011 + 11?
-10011000
In base 11, what is -5 + -21?
-26
In base 7, what is 6 - -3020?
3026
In base 6, what is 115 - -2?
121
In base 10, what is 5 + 22?
27
In base 7, what is 2 - 1062?
-1060
In base 9, what is -1 - 18?
-20
In base 6, what is -2 + -132?
-134
In base 15, what is -ab - 6?
-b2
In base 8, what is 4 + 410?
414
In base 14, what is -52 - -1?
-51
In base 15, what is 463 - 6?
45c
In base 9, what is 11 + 53?
64
In base 10, what is -14 + -309?
-323
In base 14, what is 1a6 + 6?
1ac
In base 7, what is 4 - -140?
144
In base 5, what is -1341 + -30?
-1421
In base 4, what is 10023 + -112?
3311
In base 16, what is -2f + 3e?
f
In base 2, what is -11000 + 100?
-10100
In base 6, what is 1 - -33?
34
In base 16, what is 48 - 10?
38
In base 4, what is 111 + -3331?
-3220
In base 7, what is 0 - 0?
0
In base 2, what is 10000100 + 100?
10001000
In base 15, what is -5 - -55?
50
In base 13, what is -29c + -4?
-2a3
In base 15, what is -10ab - -2?
-10a9
In base 8, what is -2 + -3472?
-3474
In base 16, what is -31 + -103?
-134
In base 3, what is -21 - -212?
121
In base 3, what is -22201 - 2?
-22210
In base 11, what is 4 - 103?
-aa
In base 12, what is 35b + 5?
364
In base 8, what is -154 + 0?
-154
In base 10, what is 2 - -48?
50
In base 3, what is 12 - 12211?
-12122
In base 6, what is 5 - 21?
-12
In base 4, what is -1 + -3222?
-3223
In base 13, what is -26 + -12b?
-154
In base 14, what is 4 - -13c?
142
In base 13, what is 2 - -157c?
1581
In base 5, what is -3 - 3?
-11
In base 8, what is -3 - -11?
6
In base 7, what is 43612 + -5?
43604
In base 2, what is -1001010000 - -1001?
-1001000111
In base 5, what is 133 - 10?
123
In base 16, what is -67 + -1d?
-84
In base 10, what is 814 + 48?
862
In base 9, what is 1171 - 5?
1165
In base 4, what is 2001 + -11?
1330
In base 5, what is 0 - 22323?
-22323
In base 16, what is a + 20?
2a
In base 3, what is 22021 - -2202?
102000
In base 16, what is -2791 - 5?
-2796
In base 2, what is 10001010001 + 0?
10001010001
In base 10, what is -78 + 1?
-77
In base 2, what is 11100 + -100?
11000
In base 15, what is 5 - 129?
-124
In base 10, what is 1 - -64?
65
In base 13, what is -10a + -5?
-112
In base 11, what is 8 + -17aa?
-17a2
In base 6, what is 1 + 1?
2
In base 12, what is -9a + 7?
-93
In base 8, what is -53 + -2?
-55
In base 13, what is -8 + -333?
-33b
In base 15, what is -1 - 58?
-59
In base 7, what is -3 + 40?
34
In base 2, what is 11111101 + -110?
11110111
In base 15, what is 9 - 92?
-88
In base 9, what is -21167 - -1?
-21166
In base 2, what is -1 - -1000?
111
In base 11, what is 1 + 2490?
2491
In base 10, what is 2 - 14?
-12
In base 3, what is -1120 + 1?
-1112
In base 6, what is -2 + 114?
112
In base 8, what is 435 + 3?
440
In base 4, what is -11133 + -3?
-11202
In base 2, what is 101 + -1100?
-111
In base 4, what is -112 + 10100?
3322
In base 16, what is -3 + 1e5?
1e2
In base 10, what is -32 - -2?
-30
In base 12, what is 3 + 846?
849
In base 6, what is 10 - -144?
154
In base 16, what is -5 + -414?
-419
In base 4, what is -132020 - 2?
-132022
In base 10, what is -58 - -1?
-57
In base 4, what is 33 - -2122?
2221
In base 15, what is 1 - -1e0?
1e1
In base 14, what is -97 - 3?
-9a
In base 10, what is -5 - 63?
-68
In base 12, what is -69 - 17?
-84
In base 4, what is 323 + -3?
320
In base 11, what is -1 - 2a3?
-2a4
In base 13, what is 5 - 10cb?
-10c6
In base 9, what is -2 + 10?
7
In base 8, what is -6 - 34?
-42
In base 2, what is 1 + -10001010001?
-10001010000
In base 6, what is -22 - -450?
424
In base 14, what is 3 + 46?
49
In base 7, what is 156 + 5?
164
In base 10, what is -21 - -155?
134
In base 16, what is -3a - 8?
-42
In base 4, what is 120221 - -2?
120223
In base 2, what is -100110 + 1?
-100101
In base 4, what is 2 - -3?
11
In base 10, what is -1 - -1527?
1526
In base 14, what is 20 + 3?
23
In base 15, what is -861 + 2?
-85e
In base 12, what is 3283 - -5?
3288
In base 10, what is -2289 + -4?
-2293
In base 4, what is 21 + -11?
10
In base 9, what is 7601 - 0?
7601
In base 13, what is -a5 + 10?
-95
In base 13, what is 492 - 4?
48b
In base 6, what is -13332 + 2?
-13330
In base 3, what is 121 + 1001?
1122
In base 10, what is 67 + -13?
54
In base 7, what is -625 - -26?
-566
In base 8, what is -657 + 4?
-653
In base 9, what is 167 - -16?
184
In base 9, what is -50 + 4?
-45
In base 4, what is -1012 + -20113?
-21131
In base 4, what is -230 + -1003?
-1233
In base 5, what is -43 + -44?
-142
In base 12, what is -b4 + 0?
-b4
In base 11, what is 1 - 2604?
-2603
In base 12, what is -5 - -10?
7
In base 5, what is 142 + -3?
134
In base 14, what is 1 - -ad?
b0
In base 4, what is -313 - -1?
-312
In base 16, what is -242 - -4?
-23e
In base 10, what is 1 - 114?
-113
In base 15, what is 11 + 164?
175
In base 5, what is -2103 + 2?
-2101
In base 6, what is 20521 - -1?
20522
In base 10, what is 3 + 34?
37
In base 16, what is 12 - -129?
13b
In base 5, what is -12 + -1?
-13
In base 6, what is 34 - -254?
332
In base 4, what is 10 - -111?
121
In base 14, what is -1ab - 5?
-1b2
In base 15, what is -3 + 7?
4
In base 7, what is -2156 + 0?
-2156
In base 9, what is -108 - 2?
-111
In base 10, what is -2776 - -3?
-2773
In base 3, what is -21222100 - 1?
-21222101
In base 15, what is -54 - 25?
-79
In base 2, what is 101 - 1110010?
-1101101
In base 14, what is 5 + -c57?
-c52
In base 3, what is 0 + -110?
-110
In base 6, what is -53 - 35?
-132
In base 8, what is -7 + -17?
-26
In base 6, what is -22 - 432?
-454
In base 6, what is -5 + -150?
-155
In base 7, what is -13 - 1144?
-1160
In base 16, what is -5 + -2e?
-33
In base 3, what is -12 - 100111?
-100200
In base 9, what is 24785 - -5?
24801
In base 7, what is -12 - -26?
14
In base 16, what is -3 + 4f?
4c
In base 6, what is -10410 - 1?
-10411
In base 9, what is 130 + 4?
134
In base 14, what is 2 - -61a?
61c
In base 11, what is 9 + -93?
-85
In base 3, what is 12 - 20110202?
-20110120
In base 8, what is -1